f n**7/2520 - n**6/48 - n**5/120 + 23*n**4/3 - n - 2. Let x(a) be the third derivative of l(a). Determine x(15).
-1
Let j(b) = b**3 + 12*b**2 - 13*b + 9. Suppose -n + 20*d = 15*d - 7, 35 = -3*n + d. Give j(n).
9
Let r(q) = -q - 19. Let d(f) = -2*f**3 + 19*f**2 + 17*f + 18. Let h be d(10). Suppose -4*t + 2*k - 44 = 14, 0 = -4*t - 4*k - h. Determine r(t).
-2
Suppose 312*x = 276*x - 144. Let q(u) = -u**3 - 3*u**2 + 2*u + 2. What is q(x)?
10
Let d(j) = -j**2 + j + 2. Let t(g) = -48*g - 218. Let s be t(-4). Let y be 4/s - (-1148)/364. What is d(y)?
-4
Let s(r) = 3*r**3 + 7*r**2 - 19*r + 13. Let z(c) = -24*c + 0*c**3 + 4*c**2 + 16*c + c**3 + 6. Let p(f) = -2*s(f) + 5*z(f). Calculate p(5).
19
Let k(i) = -43*i**2 + 89*i + 103. Let t(u) = 5*u**2 - 11*u - 13. Let l(q) = 2*k(q) + 17*t(q). Give l(-7).
-1
Let g(l) = l**3 - 4*l**2 + 1. Suppose -3*f + 3*x = 51, -4*f - 2*x = -9*f - 100. Let o be f/(-6) + (-4)/(-12). Determine g(o).
1
Let h(x) be the first derivative of x**5/20 + x**4/12 - 5*x**3/6 - 3*x**2/2 + 55*x + 38. Let c(b) be the first derivative of h(b). What is c(-2)?
3
Let d(p) = 3*p**3 + 9*p**2 + 10*p + 9. Let l(o) = -o**3 - o + 1. Let i = -4 - -2. Let z(x) = i*l(x) - d(x). Let f = -38118 - -38110. What is z(f)?
-11
Let g(w) = -5*w - 6*w**2 - 11*w + 1 + 16*w. Suppose -3*d = -37 + 40. Determine g(d).
-5
Let b be (-2)/(-9) - ((-122)/(-18))/(-1). Let i(r) be the second derivative of 5/2*r**2 - 28*r - 1/2*r**3 + 0. Calculate i(b).
-16
Let l(j) = 2*j**3 - j**2 - j + 3*j**2 - 3*j. Let d be (-180)/(-14)*2*(-7)/(-2). Suppose -d = 63*y - 33*y. Give l(y).
-24
Let g(l) = l**2 + 3*l - 4. Let v(f) = -5*f + 11. Let p be v(1). Suppose p*b = 1 - 43. Give g(b).
24
Let x(n) be the first derivative of -2*n**3/3 + 3*n**2/2 + 3*n - 2. Suppose -5*l = -2*d + 11, 3*d - 1027*l - 13 = -1023*l. Calculate x(d).
-6
Let k be (-36)/189*-3 + (160/(-35) - -4). Let a(r) = -r**3 - 2*r**2 + 2*r - 72. What is a(k)?
-72
Let r(a) be the first derivative of 3*a - 4*a - 247 - 17*a**2 - 5*a + 14*a**2 + 4*a. Calculate r(1).
-8
Let r(f) be the first derivative of f**2/2 - 4*f - 1. Let y(s) = -2*s**3 + 70*s**2 - 508*s - 216. Let o be y(11). What is r(o)?
0
Suppose 0 = v + 4*k + 6, 15*k - 36 = -2*v + 19*k. Let u(b) = -b**3 + 9*b**2 + 9*b + 13. Determine u(v).
3
Let f(t) be the first derivative of -t**4/4 + t**3/3 - t**2 + 4*t + 724. What is f(4)?
-52
Let w(f) = 2*f**3 + 3*f**2 - 3*f - 2. Let z be (-7952)/5376 + (-6)/32 + 1/(-3). Calculate w(z).
0
Let v(p) = -p + 2156*p**2 - 6454*p**2 + p**3 + 6 + 2152*p**2 + 2154*p**2. Calculate v(-8).
14
Let h(g) be the third derivative of g**6/60 + g**5/20 - g**4/24 - g**3/3 - 11064*g**2. Let x(i) = -i**3 + 6*i**2 - 5*i - 3. Let r be x(5). Give h(r).
-26
Let w(f) = -6*f**3 + 10*f**2 - 10*f + 15. Let s(y) = -y**3 + y**2 - 2*y - 4. Let g(j) = 5*s(j) - w(j). What is g(6)?
1
Let x(w) = 5*w**2 - 17*w + 1. Suppose 23 - 141 = -17*u - 42*u. What is x(u)?
-13
Let k(z) = 2 - 1 - z**2 - 20*z - 37 + 3. Let a be k(-18). Let d(p) = -3*p - 1 - 2*p**2 - 4*p**2 + p - p**a. Calculate d(-6).
11
Let w(n) = 40*n**2 - 19*n - 15*n**2 - 5*n + 1370 - 1371 - n**3. Give w(24).
-1
Let g(h) = 3*h**3 + 24*h**2 + h + 10. Let y = -6790 - -6782. Give g(y).
2
Let s(m) = -m**2 - 7*m - 12. Suppose 15*k + 49*k = -512. Determine s(k).
-20
Let a(z) = 6 + z - 6 + 4 + 5. Suppose -3*d + 120 = -18*d. Calculate a(d).
1
Let z(l) be the second derivative of l**6/720 + l**5/20 - 25*l**4/6 + l - 16. Let k(a) be the third derivative of z(a). Determine k(0).
6
Let t be 14*((-14)/(-4) + -1*3). Let c(l) = -3 + l + t*l + 0*l - 3*l. Calculate c(3).
12
Suppose 17 = m + 3*p, p = -m - 0*p + 3. Let c(x) = 2*x + 3. Let f(j) = -5*j - 9. Let i(l) = 14*c(l) + 4*f(l). Determine i(m).
-26
Let o(u) = -2*u**3 - 2*u**2 + 2*u. Let z be o(-2). Suppose 3*h - z*n = 27, 3*h - 7 = -2*n + 2. Let l(a) = 1 + 9*a - 4*a - a - h*a. What is l(0)?
1
Let d(v) be the first derivative of 7*v**5/120 + v**4/24 - 5*v**3 - 3*v**2/2 + 40. Let r(z) be the third derivative of d(z). Determine r(-1).
-6
Let k(l) = -3*l**2. Let g(v) = 7*v**2 + 11*v - 23. Let a(t) = g(t) + 2*k(t). Let m(o) = -o**3 + 2*o**2 + 3*o + 7. Let j be m(4). Give a(j).
3
Let k(x) = -2 + 4*x - 2 + 2. Suppose 0 = r + 6*r + 700. Let p = r - -102. Determine k(p).
6
Let b(o) = -o + 0 - 5 + 4. Let w(c) = -7*c - 30. Let x be w(-12). Let m be (x + -40)*2*(-2)/(-8). What is b(m)?
-8
Suppose -11*u + 12*u = -3*b + 7, -4*u + 4*b + 28 = 0. Let n(j) = -4*j**2 + 24*j - 6. Calculate n(u).
-34
Let m(l) be the second derivative of -l**3/6 + 25*l**2 + 8962*l. What is m(7)?
43
Suppose -4*n = -n - 5*i + 325, 295 = -3*n - i. Let f be n/550 + 68/11. Let p(a) = -a**2 + 6*a + 2. Give p(f).
2
Let z(b) = 4*b**3 + 12*b**2 + 13*b + 2. Let u(q) = -9*q**3 - 25*q**2 - 28*q - 6. Let w(l) = 3*u(l) + 7*z(l). Determine w(-2).
10
Let z(l) = l**2 + 6*l - 2. Let v(o) = -4*o**2 - 27*o + 9. Let n(m) = 2*v(m) + 9*z(m). Let h(y) = -y**2 + 0 - 5 - 2*y + 2. Let x(g) = -h(g) + 2*n(g). Give x(-3).
24
Let y(n) = n**2 - 8*n - 4. Let i be y(8). Let t(v) be the second derivative of -v**4/12 - v**3/3 + v**2/2 - v + 328. Determine t(i).
-7
Let a(l) = 6*l + 6. Suppose 1652*d + 42 = 1645*d. Calculate a(d).
-30
Let t be (7 + -8)*(-1 + 2). Let c = -2 + 19. Let z(y) = 1 - c*y**3 - 88*y**2 + y + 88*y**2. Determine z(t).
17
Let b be 24/84 - 94/(-14). Let n(c) = 0*c**2 - b*c - 5*c**2 - 272 + 275 + 4*c**2. Determine n(-7).
3
Let z(y) = -59*y - 182*y + 232*y - 245. Give z(-27).
-2
Let m(o) = -57*o**2 - 123*o**2 - 60*o**2 + 62 + 239*o**2. Give m(-7).
13
Let m(c) = c**2 - 7*c + 4. Suppose -2*o + 2*n + 21 + 19 = 0, 77 = 4*o - n. Suppose o*y - 24*y + 30 = 0. Give m(y).
-2
Let t(o) = -2*o**3 + 4*o - 3. Let a be 0/(3 - (5 - 0)). Suppose 3*q - 9 = a, -p - 30*q = -27*q - 11. What is t(p)?
-11
Let l = -4 + 11. Suppose -12 = 4*z - l*z. Let v(q) = -z*q + 0*q + 38 - 37. Calculate v(1).
-3
Let n(r) = 48*r - 5. Let u(i) = -9*i + 1. Let d(k) = 2*n(k) + 11*u(k). Let h(g) = g + 3. Let f be h(6). Let c = f - 10. What is d(c)?
4
Let m(t) be the third derivative of t**4/24 + t**3 + 37*t**2 - 3*t - 5. Suppose -4*z = 0, 5*n + 4*z + 20 = -z. Calculate m(n).
2
Suppose 16 = 69*d - 65*d. Let q be 1 + (d - 4) + -5. Let r(w) = -6*w + 1. Let t(k) = 5*k. Let o(h) = 3*r(h) + 4*t(h). Determine o(q).
-5
Let d(o) = 1 + 19*o**2 - 7*o**2 - o**3 - 13*o**2 + 1 + 6. Let v = -5 + 5. Determine d(v).
8
Let p(o) = 2*o**3 - 3*o**2 + 10*o - 36. Let u = -22126 + 22129. What is p(u)?
21
Suppose -280*z = -272*z + 24. Let a(k) = -2*k**3 - k**2 + 3*k - 3. Determine a(z).
33
Let j(i) = -i - 8. Let f(k) = 2*k**2 + 5*k. Let b be f(-3). Let z be (-1)/b - 610/(-30). Suppose -8 = -18*l + z*l. What is j(l)?
-4
Suppose -10*l = -5 - 15. Suppose 5*c + l*c = 0. Let a(g) = -g + 20. What is a(c)?
20
Let n(s) = -9*s + 90. Suppose -10*v - 92 - 68 = -260. Determine n(v).
0
Let q(a) = -1148*a - 11475. Let c be q(-10). Let h(m) = -m - 1. Let d(r) = -3*r + 5. Let t(i) = -d(i) + 2*h(i). Determine t(c).
-2
Let r(c) be the second derivative of -c**5/20 + 2*c**4/3 - c**3/2 - 5*c**2 - c + 1483. Give r(7).
18
Let h(t) = -5*t**2 + 13*t**2 - 36 - 3*t**2 + 26 - 4*t**2 + 7*t. Let y be 2 - 0 - -1 - 11. Determine h(y).
-2
Let k(a) = -558 + 179 + 192 + 201 + 0*a - a. Suppose 48 = -2*i + 6*i. Suppose -2*z - 9 = -2*n - 1, -i = 4*z - 3*n. Calculate k(z).
14
Let c(o) = 4*o - 4. Let p be (-70)/60 + 1/6. Let w be c(p). Let i be 12/3 - (w - -8). Let b(r) = r - 1. What is b(i)?
3
Let i(t) = 48*t + 56. Let q(w) = -8*w - 11. Let a(u) = -2*i(u) - 11*q(u). Calculate a(2).
-7
Let l(a) be the third derivative of a**5/60 - 7*a**4/24 - 5*a**3/3 - 2083*a**2 + 2*a + 1. Give l(10).
20
Let b(f) = 8*f - 7 + 7*f**2 - 2 + 0*f + 12 + f**3. Let m(g) = 3*g**2 + g - 2. Let p be m(2). Suppose p = 11*d + 67. Calculate b(d).
13
Let m(s) = -s**3 - 22*s**2 - 6*s - 684. Let h be m(-23). Let n(b) = -14*b - 239. Give n(h).
-1
Let u = -11 + 24. Let n(o) = o**2 - 13*o. Let c be n(u). Let m(i) = -i**2 - 1 - 4*i**2 + 8*i**2 + c. Determine m(-2).
11
Let f(y) = -3*y - 20. Let k(a) = -a**2 - 47*a - 507. Let j be k(-31). Calculate f(j).
13
Let c(k) = -57 + 2*k - 50 - 53 + 220 - 53. Calculate c(-8).
-9
Let o be (-12)/14*56/(-32)*(-14)/(-3). Let t(n) = 3*n**2 - 7*n - 1. Calculate t(o).
97
Let u(q) = 5*q**2 + 2*q + 5. Suppose 45*x - 7 = 44*x. Let h(z) = 9*z**2